 units digit of h?
7
Let g = 105 + -71. Let n be (-2)/(-3) - 1037/(-51). Let s = g - n. What is the tens digit of s?
1
Let j(m) be the first derivative of m**3/3 - 25*m**2/2 + 26*m + 12. What is the units digit of j(24)?
2
Let h = 700 + -413. What is the units digit of h?
7
Suppose 498 = 5*z + 3*l, -2*l - 195 = -5*z + 323. Suppose 5*k + 3*t - 350 = 0, z + 213 = 5*k - 4*t. What is the tens digit of k?
6
Let w(h) = -h**3 + h**2 + 5*h - 6. Let b(i) = -i**3 - i**2 + i + 4. Let q be b(0). Let t be w(q). What is the tens digit of -1 - (-2 + 0) - t?
3
What is the hundreds digit of (165/(-6))/(28/(-1456))?
4
Let p(r) be the second derivative of -4*r**3 + 7*r**2 - 4*r. Let q(j) = -5*j + 3. Let m(w) = 3*p(w) - 16*q(w). What is the tens digit of m(3)?
1
Let l be ((-3)/(-2))/(2/32). Suppose 0*x + 2*x = -2*g + 12, -5*x + l = 3*g. Let j(q) = 2*q - 1. What is the units digit of j(x)?
5
Suppose 0 = 2*k - 10, 4359 + 3912 = 4*c - k. What is the thousands digit of c?
2
Let l be 7*1 + 13 + -17. Suppose 21 = 4*d - q, -l*d = 5*q - 20 - 13. What is the units digit of d?
6
Let m be (-12)/(-32)*-2*4. Let y be 3 + m*(-4)/(-3). What is the units digit of 0 + 7 - (-1 + y)?
9
Suppose -3*w + 4 = -2. What is the units digit of -2 - (-57)/3*w?
6
Suppose 0 = -105*g + 103*g + 48. What is the units digit of g?
4
Suppose -14*c = -3831 - 7593. What is the hundreds digit of c?
8
Let q(r) = -3*r**2 - 17*r - 6. Let y be q(-5). Suppose -2*x - y*d + 1096 = 2*x, -2*x + 4*d = -560. What is the hundreds digit of x?
2
Suppose 0 = -11*k + 7*k + 12. Let r(y) = y**2 + 5*y - 2. What is the tens digit of r(k)?
2
Suppose -5*a + 6827 = 3*i, 15*a - 20*a + i = -6811. What is the units digit of a?
3
Let x(s) = s**3 + 9*s**2 + 4*s + 6. Let p be x(-8). Let m be (p/(-4))/((-1)/2). Let v = -2 + m. What is the tens digit of v?
1
Let o = 18 - 20. Let z be (o/4)/((-1)/192). Suppose -2*c = -z - 6. What is the tens digit of c?
5
Suppose -16*h + 11*h = -720. Suppose -3*v + 5*c + 104 = 0, 5*v + 2*c - h = 3*c. What is the units digit of v?
8
Let z = 0 - 3. Let w be (2 - 0/z)/(-1). What is the units digit of 0 + (-17 - -1)/w?
8
Suppose -50*z = -49*z - 708. What is the units digit of z?
8
Let f be 402/(-9)*(-6)/(-4). Let r = -18 - f. What is the units digit of r?
9
Let g(u) = 93*u**2 - 7*u + 2. What is the units digit of g(1)?
8
Let c(r) = 8*r**2. Let n = 26 - 17. Let p = -11 + n. What is the tens digit of c(p)?
3
Let v(c) = 3*c + 43. Let f be v(-13). What is the units digit of 0 + f - (2 - 77)?
9
Let o(t) = -8*t**3 + t**2 + t. Let l be o(-1). What is the units digit of 860/l*4/5?
6
Let y(v) = v**2 + 51 + v**2 - 2*v**2 - 2*v - v**2. What is the units digit of y(0)?
1
Let i(y) = 3*y**3 - y**2 + 7*y + 20. What is the units digit of i(5)?
5
What is the units digit of (2/(-4))/(3/(-1914))?
9
What is the hundreds digit of ((-4)/(-6))/(1/1206)?
8
Let v = -157 - -290. Let k be (((-3)/(-1))/(-12))/((-2)/16). Suppose k*f = -4, 4*f = 2*z + 19 - v. What is the units digit of z?
3
Suppose 2*l + 2*l - 334 = t, 2 = t. Suppose 6*u = 2*u + l. What is the units digit of 6/21 + 78/u?
4
Let w(m) = -5*m + 24. Let s be w(12). What is the tens digit of (-760)/(-18) + 8/s?
4
Let t(i) = -i**3 - 16*i**2 + 17*i + 2. Let g be t(-17). Suppose w - 4*n + 105 = 4*w, 130 = 4*w + g*n. What is the units digit of w?
1
Let a = 794 + 392. What is the units digit of a?
6
Let u(k) = 27*k**2 - 13*k + 22. What is the hundreds digit of u(4)?
4
Suppose -4*r + 2*a - 88 = -a, a + 53 = -3*r. Let i = 43 - r. What is the tens digit of i?
6
Let j(l) = 2*l**2 - 2*l + 92. Let x(b) = b**2 - b + 1. Let w(a) = j(a) - 3*x(a). What is the units digit of w(0)?
9
Let q(r) = 6*r - 4. Let t = 37 - 30. What is the units digit of q(t)?
8
What is the tens digit of 4278 + (0 - -15) + -8?
8
Let y be (-240)/(-42) + 4/14. Suppose 0 = 2*z - y*z + 112. What is the units digit of z?
8
Suppose -z - 62 = 3*k - 2*z, -2*k - 41 = -z. What is the units digit of ((-9)/k)/(-3) - (-564)/28?
0
Suppose 9*z - 5*z - 8188 = -x, -z + 2047 = 2*x. What is the thousands digit of z?
2
Let n(t) = t - 4. Let h be n(0). Let u(d) = 4*d**2. Let p be u(h). Suppose -8*k + p = -4*k. What is the tens digit of k?
1
Suppose 0*y + 10*y = -20. What is the tens digit of (-357)/(-7) + (-3 - y)?
5
Suppose -271*i + 264*i = -6552. What is the hundreds digit of i?
9
Suppose 5*x + 55 = 2*c, -3*c - x = -5*x - 65. Let m = c + -11. What is the units digit of m?
4
Let p be 47/4 - (92/16 - 5). Suppose -2948 = -p*n - 671. What is the tens digit of n?
0
Let o = 12 + -14. Let s be o/7 + (-6460)/(-70). Suppose -4*u - 4*r = -s, -2*r = 2*u + 2*r - 40. What is the units digit of u?
6
Let x be 8/(-36) + (-250)/9. Let u = -14 - x. What is the tens digit of u?
1
Suppose 7*v - 3*v + 5525 = 3*k, 0 = -3*k - v + 5530. What is the thousands digit of k?
1
Let l = -905 + 1249. What is the tens digit of l?
4
Suppose -c + s = 4, 0*s + 2*s = 5*c + 8. Let g(u) = u. Let n be g(c). Suppose 3*y - 81 - 24 = n. What is the units digit of y?
5
Suppose 5 = b - 2*b, -3755 = -5*i - 2*b. What is the units digit of i?
3
Suppose 682*w + 18508 = 689*w. What is the units digit of w?
4
Suppose 5*r = q - 3585, 18*r = q + 14*r - 3589. What is the thousands digit of q?
3
Let x(v) = v**2 - 9*v + 11. Let i be x(8). Suppose -i*p - f + 241 = 4*f, -3*f - 186 = -2*p. What is the units digit of p?
7
What is the hundreds digit of ((-2)/6)/(9/(-7236))?
2
Suppose -n = -14 - 2. Let b(y) = 12 + n*y - 12. What is the tens digit of b(1)?
1
Let r = -510 - -952. What is the tens digit of r?
4
Suppose -507 - 53 = -4*q. Suppose 2*v = 7*v - q. What is the units digit of v?
8
Suppose 3*t + 5*u = 255, -2*u - 441 = -4*t - 127. Let z = -42 + t. What is the units digit of z?
8
Let d(b) = -6*b + 7*b + 43*b - 4 + 2*b. Suppose 0 = -3*w + 9, -3*k - 3*w + 0 = -12. What is the tens digit of d(k)?
4
Let g(j) = j**3 - 3*j**2 - 2*j - 2. Let d be g(4). Let z = 10 - d. Suppose z*b = 4*m - 92, -5*b + 2 = m - 3. What is the tens digit of m?
2
Let c = 35 + -23. Let l(j) = j**3 - 12*j**2 + 12*j - 6. What is the tens digit of l(c)?
3
Let h = 5884 - 4062. What is the units digit of h?
2
Suppose -3*t + 5*g = 17 - 3, -5*g = 5*t - 30. Suppose -13*u + 858 = -t*u. What is the units digit of u?
8
Let l = 90 - 60. Let n be (-10)/(-3)*144/l. Suppose -n - 24 = -k. What is the tens digit of k?
4
Let i(p) = -p**3 + 4*p**2 - 4*p + 5. Let x(d) = d**3 - d**2 - d - 1. Let f(a) = -i(a) - 2*x(a). What is the tens digit of f(-5)?
4
Suppose -5*h + 168 = -237. Suppose -2*n - 5*c + h = 0, 37 + 42 = 3*n - c. Let a = n - 18. What is the tens digit of a?
1
Let o = -10 + 8. What is the tens digit of o - -1 - (-48 - -16)?
3
Suppose -3*b - 6*i + 3*i + 18 = 0, 5*i - 28 = -4*b. Let h be 1/(3/12) + b. Suppose o + h = 4*o. What is the units digit of o?
2
Let r = 162 + -49. Let h = r - -150. What is the units digit of h?
3
Let p(z) = 3*z + 333. Let k be p(0). Suppose -7*h + 2*h = 0, -3*h - k = -3*w. What is the hundreds digit of w?
1
Let r(f) = f**3 + 25*f**2 + 10. Let g be r(-23). Suppose -25*q + 29*q = g. What is the tens digit of q?
6
Suppose 2*u = -2*u - 2*i + 3552, -2*u + 1772 = 3*i. What is the hundreds digit of u?
8
Suppose 7*v = 4*m + 4*v - 21, -v + 31 = 5*m. What is the units digit of 2*(1 + -2)/(m/(-222))?
4
Suppose 4*w + 3*r - 20942 = 10*r, -r = 2*w - 10480. What is the hundreds digit of w?
2
What is the tens digit of (-1*(-9)/(-18))/(2/(-1240))?
1
Suppose -3*k - 25 = 4*c + 2*k, -5 = 5*c + k. Suppose -2*j + 85 = j - 2*u, c = -3*j + u + 86. What is the tens digit of j?
2
Let g be (-7)/(-14)*(0 - 0). Suppose 25*d - 21*d + 24 = g. What is the units digit of ((-114)/(-8))/(d/(-24))?
7
Suppose c - 25 = -4*c. Suppose -i + 47 + 18 = -g, 0 = -g + 1. Suppose c*v + 93 = 3*n, -2*n + i = 5*v + 4. What is the units digit of n?
1
Suppose 0 = -4*z - 3 + 23. Suppose -4*u + 7*u = -5*s - 79, z*u - 3*s = -75. What is the units digit of (39/(-9))/(3/u)?
6
Let f(w) = w**2 - 5*w - 1. Let s be f(5). Let y be (s + 7 + -3)/1. Suppose 0 = y*c - 28 - 32. What is the units digit of c?
0
Let j be (763/(-28))/(3/(-36)). Suppose -2*p + 6*z + 159 = 5*z, j = 4*p - 5*z. What is the tens digit of p?
7
What is the units digit of 2/2*(8 + 1)?
9
Suppose 9*i + 5*v = 6*i + 5930, 0 = -v - 5. What is the hundreds digit of i?
9
Let f(o) = -3*o - 13. Let s be f